en 7130 is divided by 797.
754
Calculate the remainder when 27875 is divided by 195.
185
What is the remainder when 21930 is divided by 7307?
9
Calculate the remainder when 117740 is divided by 29433.
8
What is the remainder when 127140 is divided by 136?
116
What is the remainder when 19775 is divided by 74?
17
What is the remainder when 50755 is divided by 20?
15
Calculate the remainder when 5162 is divided by 1930.
1302
What is the remainder when 785483 is divided by 14?
13
What is the remainder when 1223 is divided by 563?
97
What is the remainder when 1158398 is divided by 386128?
14
Calculate the remainder when 84555 is divided by 42172.
211
What is the remainder when 573602 is divided by 1486?
6
Calculate the remainder when 12634 is divided by 12602.
32
What is the remainder when 81758 is divided by 198?
182
Calculate the remainder when 61376 is divided by 99.
95
What is the remainder when 6516 is divided by 1167?
681
What is the remainder when 45290 is divided by 11319?
14
Calculate the remainder when 18892 is divided by 4721.
8
Calculate the remainder when 14188 is divided by 395.
363
Calculate the remainder when 8523 is divided by 108.
99
What is the remainder when 26643 is divided by 6658?
11
Calculate the remainder when 266716 is divided by 267.
250
Calculate the remainder when 566 is divided by 209.
148
Calculate the remainder when 44430 is divided by 11106.
6
Calculate the remainder when 56443 is divided by 56434.
9
What is the remainder when 163198 is divided by 10879?
13
Calculate the remainder when 220019 is divided by 27501.
11
Calculate the remainder when 168789 is divided by 39.
36
Calculate the remainder when 68873 is divided by 26.
25
What is the remainder when 299065 is divided by 99682?
19
Calculate the remainder when 75363 is divided by 313.
243
What is the remainder when 121 is divided by 64?
57
What is the remainder when 10474 is divided by 53?
33
What is the remainder when 32320 is divided by 72?
64
What is the remainder when 7168 is divided by 107?
106
Calculate the remainder when 452529 is divided by 26.
25
Calculate the remainder when 46409 is divided by 195.
194
What is the remainder when 26691 is divided by 6672?
3
Calculate the remainder when 2636 is divided by 262.
16
What is the remainder when 3935 is divided by 136?
127
What is the remainder when 12987 is divided by 17?
16
Calculate the remainder when 985 is divided by 427.
131
Calculate the remainder when 2185 is divided by 1922.
263
What is the remainder when 8765 is divided by 139?
8
What is the remainder when 21013 is divided by 221?
18
Calculate the remainder when 64150 is divided by 414.
394
What is the remainder when 8393 is divided by 99?
77
What is the remainder when 167831 is divided by 49?
6
What is the remainder when 15997 is divided by 7983?
31
What is the remainder when 948 is divided by 34?
30
Calculate the remainder when 3985 is divided by 974.
89
Calculate the remainder when 6061 is divided by 1375.
561
What is the remainder when 432485 is divided by 305?
300
Calculate the remainder when 6292 is divided by 1001.
286
What is the remainder when 28202 is divided by 88?
42
What is the remainder when 24331 is divided by 784?
27
What is the remainder when 14233 is divided by 4679?
196
Calculate the remainder when 33487 is divided by 52.
51
What is the remainder when 249951 is divided by 73?
72
What is the remainder when 2782 is divided by 1161?
460
What is the remainder when 14397 is divided by 46?
45
What is the remainder when 2373 is divided by 44?
41
What is the remainder when 10149 is divided by 254?
243
Calculate the remainder when 643724 is divided by 12.
8
What is the remainder when 18208 is divided by 39?
34
Calculate the remainder when 876 is divided by 176.
172
What is the remainder when 2808 is divided by 258?
228
Calculate the remainder when 1533 is divided by 55.
48
Calculate the remainder when 50656 is divided by 384.
352
Calculate the remainder when 1602 is divided by 52.
42
What is the remainder when 3980 is divided by 1309?
53
Calculate the remainder when 2646 is divided by 1300.
46
What is the remainder when 12791 is divided by 757?
679
What is the remainder when 30509 is divided by 30506?
3
What is the remainder when 2520 is divided by 29?
26
Calculate the remainder when 964489 is divided by 18.
13
What is the remainder when 2253 is divided by 559?
17
Calculate the remainder when 1837997 is divided by 125.
122
Calculate the remainder when 78858 is divided by 78850.
8
What is the remainder when 1671 is divided by 238?
5
Calculate the remainder when 2472 is divided by 1185.
102
What is the remainder when 1014690 is divided by 21?
12
What is the remainder when 10948 is divided by 391?
0
Calculate the remainder when 1228 is divided by 82.
80
Calculate the remainder when 255828 is divided by 101.
96
Calculate the remainder when 736192 is divided by 36.
28
Calculate the remainder when 2763 is divided by 694.
681
What is the remainder when 19005 is divided by 33?
30
Calculate the remainder when 52681 is divided by 17554.
19
Calculate the remainder when 468022 is divided by 54.
4
Calculate the remainder when 33158 is divided by 29.
11
Calculate the remainder when 1427550 is divided by 224.
222
Calculate the remainder when 202478 is divided by 206.
186
What is the remainder when 6698 is divided by 61?
49
Calculate the remainder when 9234 is divided by 47.
22
What is the remainder when 25313 is divided by 1936?
145
Calculate the remainder when 1661 is divided by 149.
22
Calculate the remainder when 262296 is divided by 43699.
102
What is the remainder when 1281 is divided by 86?
77
What is the remainder when 633094 is divided by 211028?
10
Calculate the remainder when 170805 is divided by 1691.
14
Calculate the remainder when 2290 is divided by 2252.
38
What is the remainder when 4594 is divided by 41?
2
Calculate the remainder when 1363 is divided by 113.
7
What is the remainder when 220977 is divided by 348?
345
What is the remainder when 2177 is divided by 2175?
2
Calculate the remainder when 25227 is divided by 212.
211
What is the remainder when 11295 is divided by 5592?
111
Calculate the remainder when 157313 is divided by 314.
313
Calculate the remainder when 144919 is divided by 8.
7
Calculate the remainder when 97673 is divided by 97.
91
What is the remainder when 1450 is divided by 290?
0
What is the remainder when 125442 is divided by 31358?
10
Calculate the remainder when 3396678 is divided by 11.
10
Calculate the remainder when 17189 is divided by 64.
37
What is the remainder when 45987 is divided by 45958?
29
Calculate the remainder when 15899 is divided by 15809.
90
What is the remainder when 92621 is divided by 31?
24
What is the remainder when 362672 is divided by 362668?
4
Calculate the remainder when 4673 is divided by 28.
25
What is the remainder when 692740 is divided by 2685?
10
Calculate the remainder when 959685 is divided by 191936.
5
Calculate the remainder when 14449 is divided by 166.
7
Calculate the remainder when 5503 is divided by 40.
23
Calculate the remainder when 4846 is divided by 203.
177
Calculate the remainder when 98610 is divided by 178.
176
What is the remainder when 1574 is divided by 27?
8
What is the remainder when 11972 is divided by 2393?
7
Calculate the remainder when 37327 is divided by 2664.
31
What is the remainder when 3904 is divided by 415?
169
What is the remainder when 17013 is divided by 185?
178
Calculate the remainder when 11342 is divided by 61.
57
What is the remainder when 1204471 is divided by 62?
59
Calculate the remainder when 6731 is divided by 415.
91
What is the remainder when 6991850 is divided by 177?
173
What is the remainder when 16012 is divided by 28?
24
Calculate the remainder when 21055 is divided by 26.
21
What is the remainder when 35466 is divided by 104?
2
Calculate the remainder when 54731 is divided by 2373.
152
Calculate the remainder when 28109 is divided by 370.
359
Calculate the remainder when 22587 is divided by 255.
147
Calculate the remainder when 8598 is divided by 8565.
33
What is the remainder when 3999 is divided by 309?
291
What is the remainder when 74068 is divided by 3219?
31
Calculate the remainder when 16281 is divided by 8046.
189
Calc